) = z**3 - 95*z**2 + 192*z + 18. Let r be j(93). What is the highest common divisor of r and 9?
9
Suppose 0 = -5*x + 5, 6*x - 1318 = -2*p + 8*x. What is the highest common divisor of 9075 and p?
165
Let c be (-3 + 4)/(7 - (-40026)/(-5719)). What is the highest common factor of c and 86?
43
Suppose 0 = -32*z + 31*z + 17. Suppose 0 = -3*a + a - 5*u - 46, u = -a - z. Let l be (-4 + a/(-5))*-5. Calculate the greatest common divisor of l and 1.
1
Suppose 0 = 4*b + 2*g + 190 - 524, 341 = 4*b - 5*g. Let i be (-20)/3*(b/10)/(-7). Suppose i*t = -t + 126. Calculate the highest common factor of 21 and t.
7
Suppose -3*n - 9*x + 176 = -8*x, 3*n - 2*x = 161. What is the greatest common factor of 1064 and n?
19
Let g(m) = -109*m - 44 + 281*m + 48. Let t be g(1). What is the highest common divisor of 44 and t?
44
Let f be (142/(-3))/(-23 - (-30446)/1326). Calculate the highest common divisor of f and 213.
71
Suppose -6 = -o + r, -6*r = 2*o - 2*r - 6. Suppose -8 = -2*i - 4*u, -5*i + 66 - 1 = -o*u. Let s = i + 16. Calculate the greatest common divisor of 130 and s.
26
Let v(f) = 552*f**2 - 31*f - 26. Let x be v(2). Calculate the highest common divisor of 4664 and x.
424
Let u = -8524 - -20972. Calculate the highest common factor of 64 and u.
32
Let r = 5235 + -5226. What is the greatest common factor of r and 702?
9
Let d be -1*(-2)/(6/(-141)). Let s = d + 50. Suppose -3*g + 2*g = -s, -4*i + 117 = -g. What is the greatest common factor of i and 5?
5
Suppose a - 6*a + 5 = 5*j, -a = 4*j - 16. Suppose 13 + 253 = j*v - 3*m, 5*v - 270 = 5*m. What is the greatest common divisor of 13 and v?
13
Let f(p) = -4*p + 38. Let s be f(6). Let h(v) = v**3 + 12*v**2 + 2*v - 16. Let d be h(-8). What is the highest common divisor of s and d?
14
Let h(j) = j**3 - 11*j**2 - j + 20. Let c be h(11). Suppose -4*f = 2*w - 182, 3*w - 263 = -7*f + 3*f. What is the greatest common divisor of c and w?
9
Let j(r) = 3*r**2 + 4*r - 3. Let l be j(-3). Suppose 4 = 8*f - l. Suppose 0*v - f*v = -2, 4*w - 5*v = 23. Calculate the highest common factor of 28 and w.
7
Suppose 0 = -3*a + 9, -2*f - a + 7 = -0*a. Suppose f*c - 222 = 5*i - 80, -256 = -4*c - 4*i. Calculate the greatest common factor of c and 22.
22
Let j be 45/9 - (-2 + (389 - 1)). Let n = j + 384. Calculate the greatest common factor of 51 and n.
3
Suppose 3*k = -3*m + 6*k + 321, 3*m - k - 327 = 0. Let u = -99 + m. Let r be (-1 - 2)*1 - (u + -57). Calculate the highest common divisor of 129 and r.
43
Suppose -4*t = h - 30, 10*t = 2*h + 5*t - 47. Let c be 1*(65 - 0 - -1 - 4). Let v = c + 3. Calculate the highest common divisor of v and h.
13
Suppose 6*q = -2*q + 24. Suppose -86 = -q*r - 32. Suppose -u + 54 = -0*u. Calculate the greatest common factor of r and u.
18
Let l(d) = -2094*d + 30. Let r be l(0). Let w(f) = 25*f - 5. Let t be w(5). Calculate the highest common factor of r and t.
30
Let a(u) = -33 - 6*u - 16 - 29 + 11. Let g be a(-11). Let r be (g + 4 + (-58)/6)*-3. Calculate the highest common divisor of r and 2.
2
Suppose -3*i - 15 = -4*t, 0*i = 4*i - 5*t + 18. Calculate the greatest common divisor of i and 96.
3
Let s(l) = -l - 34. Let f be s(-33). Let x be (11 - (7 - -1))*(-5)/f. Calculate the highest common factor of 35 and x.
5
Let r(g) = g**3 + g**2 + 32*g - 126. Let v be r(3). What is the greatest common factor of 2334 and v?
6
Let r be 5/(-25) + (-62)/(-10). Suppose 3*z - 11 - r = -4*c, -3*z + 5*c - 1 = 0. Let w be 4/z + (-528)/(-36). Calculate the highest common divisor of w and 40.
8
Let v(z) = 210*z - 164. Let t be v(1). Calculate the highest common factor of t and 5083.
23
Suppose g - 157 = -427. Let x be g/(-16) + (-1)/40*-5. Let n(v) = 12*v - 11. Let z be n(8). What is the greatest common factor of x and z?
17
Suppose 85*z = 34*z + 228888. Calculate the greatest common divisor of z and 33.
33
Let l be (-3)/(-1)*-2*10/(-4). Suppose 4*i - 854 = -4*j + 282, -2*j = -4*i + 1142. Calculate the highest common divisor of i and l.
15
Let a = -8943 + 8957. Let b be 195/2 - 2/(-4). What is the highest common factor of a and b?
14
Let l be (-1222)/7*819/(-117). Calculate the highest common factor of l and 182.
26
Let m(w) = 60 + 16 - w**2 - 20 + 2*w. Let i be m(0). Suppose 7*g + 5*g - 84 = 0. What is the greatest common factor of i and g?
7
Let j(c) = -19 + 0*c + 14 + 7*c - 3*c + 169*c**2. Let n be j(1). Calculate the greatest common divisor of 24 and n.
24
Let n = 3166 - 3045. Calculate the greatest common factor of n and 7744.
121
Suppose 15*p = 33 + 1452. Calculate the highest common factor of 55 and p.
11
Suppose 18*v - 2674 + 1051 = 1743. What is the highest common factor of 3 and v?
1
Let l = -259 - -399. Let x = 164 - l. Calculate the greatest common divisor of x and 96.
24
Suppose 6*t = t + x - 15, -3*t + 3*x + 3 = 0. Let g be 10/(-4) - t - 915/(-6). Suppose c = -3*c + 56. What is the highest common factor of g and c?
14
Let z(l) = 11 + 13*l**2 + l**3 - 17*l**2 - 5*l - 7*l - 2*l. Let y be z(6). Let f be y/(-5) + (-1157)/(-65). What is the greatest common factor of 36 and f?
18
Suppose 33*w + 0*w - 5*w - 25704 = 0. What is the greatest common factor of 204 and w?
102
Suppose -2*j + 4*j + w = 124, -2*j = -3*w - 108. Let y = 29 - 26. Calculate the greatest common divisor of y and j.
3
Let l(h) = h + 6. Let i be l(10). Suppose 2*f + 3*q + q + 100 = 0, 0 = -f + 2*q - 66. Let m = 6 - f. What is the highest common factor of m and i?
16
Suppose -181 = 5*p - 991. What is the greatest common divisor of p and 48?
6
Let a = -231 + 192. Let s = 103 + a. What is the highest common divisor of s and 288?
32
Suppose 257*s - 288*s = -4650. Calculate the highest common divisor of s and 325.
25
Suppose -172 = -5*v - 5*a + 9*a, 3*v = -a + 93. Suppose -4 = w, 0*g = -2*g + 4*w + 84. Let q = g - v. What is the greatest common factor of 22 and q?
2
Let r be (12/75*5/(-2))/((-1)/155). Calculate the greatest common divisor of 4898 and r.
62
Suppose 3*s - 13204 = 2*v, -3*s + 6*v - 10*v = -13228. Suppose 0 = 13*g - 42 - s. What is the highest common divisor of 54 and g?
18
Let f(y) = y**3 + 6*y**2 - 7*y + 6. Let n be f(-7). Let i(c) = 0 - 8 + 20 + 2*c + 2. Let o be i(n). Calculate the highest common divisor of 65 and o.
13
Suppose 0 = 73*p - 20728 - 208200. Calculate the greatest common divisor of 588 and p.
196
Let c(z) = -22*z**2 - 770*z + 13. Let d be c(-35). What is the greatest common factor of 5629 and d?
13
Let u = 226 - 161. Suppose 0 = -y - 3*p + 52, 3*y - 4*p - u = 65. Suppose 506 = 2*j - n + 50, -j + 218 = -3*n. Calculate the greatest common factor of y and j.
46
Suppose -21*g + 1692 - 54 = 0. What is the highest common divisor of 2353 and g?
13
Suppose -6 = -v - 4*f, -3*f - 5 = -8*v + 4*v. Suppose 0 = v*n + 2*n - 48. What is the greatest common divisor of 108 and n?
12
Let c(a) = 4*a**3 - a**2 - 3. Let f(j) = -j**3 - 9*j**2 + 9*j - 8. Let y be f(-10). Let u be c(y). Let o = 19 + 6. What is the highest common factor of u and o?
25
Suppose -65*g + 127 = 80*g - 163. Calculate the greatest common factor of g and 15.
1
Let r be 148/2*(-260)/(-26). Calculate the highest common factor of 80 and r.
20
Let y = -697 + 2267. What is the greatest common divisor of y and 20?
10
Let k(s) = -2*s**3 - 17*s**2 + 12*s + 41. Let x be k(-9). Calculate the highest common factor of x and 826.
14
Let a(o) = 4 + o**2 + 0*o**2 + 5 - 6. Let m be a(3). Suppose 4*g - 5*r - 503 = -0*r, g - r = 127. What is the greatest common divisor of m and g?
12
Let w(h) = 8*h**2 + 8*h + 11. Let m(n) = -2*n - 16. Let k be m(8). Let f = -37 - k. Let g be w(f). What is the highest common factor of g and 19?
19
Suppose 113*v + 57*v = -37*v + 953442. What is the highest common divisor of v and 245?
49
Suppose 0 = -7*p + 3*p + x + 545, 2*p - x = 275. Let i be 4/(-10) - (-12069)/p. Let s = -80 + i. Calculate the highest common divisor of s and 144.
9
Suppose 21*i + 67*i = 28*i + 240. Suppose 3*r + r - 44 = 0. Suppose 0 = -3*o + 1 + r. Calculate the highest common divisor of o and i.
4
Suppose 2*f = -5*z - 101 + 11, -5*f + 7 = -2*z. Let n = -6 - z. Suppose l + 2*o = 22, 59 + 43 = 5*l + 2*o. What is the highest common divisor of n and l?
10
Let f be (-6)/((-42)/(-49)) - -595. Suppose -58*p + 79*p - f = 0. Calculate the greatest common factor of p and 84.
28
Suppose p + p = 4, 3*p - 